CRAN Package Check Results for Package BIOMASS

Last updated on 2021-10-15 22:54:09 CEST.

Flavor Version Tinstall Tcheck Ttotal Status Flags
r-devel-linux-x86_64-debian-clang 2.1.6 31.40 298.19 329.59 OK
r-devel-linux-x86_64-debian-gcc 2.1.6 21.61 218.11 239.72 OK
r-devel-linux-x86_64-fedora-clang 2.1.6 202.71 NOTE
r-devel-linux-x86_64-fedora-gcc 2.1.6 187.03 OK
r-devel-windows-x86_64 2.1.6 16.00 113.00 129.00 OK --no-vignettes
r-devel-windows-x86_64-gcc10-UCRT 2.1.6 OK
r-patched-linux-x86_64 2.1.6 29.68 288.46 318.14 OK
r-patched-solaris-x86 2.1.6 268.10 OK
r-release-linux-x86_64 2.1.6 29.38 284.25 313.63 OK
r-release-macos-arm64 2.1.6 OK
r-release-macos-x86_64 2.1.6 OK
r-release-windows-ix86+x86_64 2.1.6 26.00 149.00 175.00 OK --no-vignettes
r-oldrel-macos-x86_64 2.1.6 OK
r-oldrel-windows-ix86+x86_64 2.1.6 30.00 124.00 154.00 OK --no-vignettes

Check Details

Version: 2.1.6
Check: Rd cross-references
Result: NOTE
    Undeclared package ‘lmfor’ in Rd xrefs
Flavor: r-devel-linux-x86_64-fedora-clang