CRAN Package Check Results for Package BMTAR

Last updated on 2024-06-13 10:48:49 CEST.

Flavor Version Tinstall Tcheck Ttotal Status Flags
r-devel-linux-x86_64-debian-clang 0.1.1 10.29 82.02 92.31 NOTE
r-devel-linux-x86_64-debian-gcc 0.1.1 0.26 1.56 1.82 ERROR
r-devel-linux-x86_64-fedora-clang 0.1.1 116.07 NOTE
r-devel-linux-x86_64-fedora-gcc 0.1.1 108.13 NOTE
r-devel-windows-x86_64 0.1.1 11.00 77.00 88.00 NOTE
r-patched-linux-x86_64 0.1.1 15.99 77.29 93.28 NOTE
r-release-linux-x86_64 0.1.1 9.61 79.61 89.22 NOTE
r-release-macos-arm64 0.1.1 30.00 NOTE
r-release-macos-x86_64 0.1.1 63.00 NOTE
r-release-windows-x86_64 0.1.1 12.00 82.00 94.00 NOTE
r-oldrel-macos-arm64 0.1.1 32.00 OK
r-oldrel-macos-x86_64 0.1.1 52.00 OK
r-oldrel-windows-x86_64 0.1.1 13.00 92.00 105.00 OK

Check Details

Version: 0.1.1
Check: Rd files
Result: NOTE checkRd: (-1) autoplot.tsregime.Rd:20: Lost braces 20 | Graph for the stochastic processes of the object \ dQuote {\ code {tsregime}} for: Output process and if they exist for: Threshold process and Covariates process. In the case that there are missing data, a red line is drawn at the indicated time. | ^ checkRd: (-1) autoplot.tsregime.Rd:20: Lost braces; missing escapes or markup? 20 | Graph for the stochastic processes of the object \ dQuote {\ code {tsregime}} for: Output process and if they exist for: Threshold process and Covariates process. In the case that there are missing data, a red line is drawn at the indicated time. | ^ Flavors: r-devel-linux-x86_64-debian-clang, r-devel-linux-x86_64-fedora-clang, r-devel-linux-x86_64-fedora-gcc, r-devel-windows-x86_64, r-patched-linux-x86_64, r-release-linux-x86_64, r-release-macos-arm64, r-release-macos-x86_64, r-release-windows-x86_64

Version: 0.1.1
Check: package dependencies
Result: ERROR Package required but not available: ‘ggplot2’ See section ‘The DESCRIPTION file’ in the ‘Writing R Extensions’ manual. Flavor: r-devel-linux-x86_64-debian-gcc