CRAN Package Check Results for Package BNPMIXcluster

Last updated on 2021-09-23 10:53:14 CEST.

Flavor Version Tinstall Tcheck Ttotal Status Flags
r-devel-linux-x86_64-debian-clang 1.3 121.25 39.31 160.56 OK
r-devel-linux-x86_64-debian-gcc 1.3 70.92 30.39 101.31 OK
r-devel-linux-x86_64-fedora-clang 1.3 223.80 OK
r-devel-linux-x86_64-fedora-gcc 1.3 188.54 OK
r-devel-windows-x86_64 1.3 102.00 47.00 149.00 OK
r-devel-windows-x86_64-gcc10-UCRT 1.3 ERROR
r-patched-linux-x86_64 1.3 90.34 37.59 127.93 OK
r-patched-solaris-x86 1.3 181.20 OK
r-release-linux-x86_64 1.3 85.71 37.39 123.10 OK
r-release-macos-arm64 1.3 OK
r-release-macos-x86_64 1.3 OK
r-release-windows-ix86+x86_64 1.3 263.00 84.00 347.00 OK
r-oldrel-macos-x86_64 1.3 OK
r-oldrel-windows-ix86+x86_64 1.3 194.00 62.00 256.00 OK

Check Details

Version: 1.3
Check: whether package can be installed
Result: ERROR
    Installation failed.
Flavor: r-devel-windows-x86_64-gcc10-UCRT