CRAN Package Check Results for Package BOG

Last updated on 2021-11-30 06:49:19 CET.

Flavor Version Tinstall Tcheck Ttotal Status Flags
r-devel-linux-x86_64-debian-clang 2.0 3.30 40.59 43.89 NOTE
r-devel-linux-x86_64-debian-gcc 2.0 2.63 31.02 33.65 NOTE
r-devel-linux-x86_64-fedora-clang 2.0 64.95 NOTE
r-devel-linux-x86_64-fedora-gcc 2.0 54.52 NOTE
r-devel-windows-x86_64-new-UL 2.0 7.00 76.00 83.00 NOTE
r-devel-windows-x86_64-new-TK 2.0 NOTE
r-devel-windows-x86_64-old 2.0 5.00 49.00 54.00 NOTE
r-patched-linux-x86_64 2.0 2.51 38.42 40.93 NOTE
r-patched-solaris-x86 2.0 73.50 NOTE
r-release-linux-x86_64 2.0 2.95 38.29 41.24 NOTE
r-release-macos-arm64 2.0 NOTE
r-release-macos-x86_64 2.0 NOTE
r-release-windows-ix86+x86_64 2.0 6.00 46.00 52.00 NOTE
r-oldrel-macos-x86_64 2.0 NOTE
r-oldrel-windows-ix86+x86_64 2.0 5.00 61.00 66.00 NOTE

Check Details

Version: 2.0
Check: R code for possible problems
Result: NOTE
    BOGest: no visible global function definition for 'read.table'
    BOGstat: no visible global function definition for 'phyper'
    BOGstat: no visible global function definition for 'wilcox.test'
    BOGstat: no visible global function definition for 'p.adjust'
    gseaplot: no visible global function definition for 'par'
    gseaplot: no visible global function definition for 'points'
    gseaplot: no visible global function definition for 'axis'
    gseaplot: no visible global function definition for 'segments'
    hgplot: no visible global function definition for 'par'
    hgplot: no visible global function definition for 'barplot'
    Undefined global functions or variables:
     axis barplot p.adjust par phyper points read.table segments
     wilcox.test
    Consider adding
     importFrom("graphics", "axis", "barplot", "par", "points", "segments")
     importFrom("stats", "p.adjust", "phyper", "wilcox.test")
     importFrom("utils", "read.table")
    to your NAMESPACE file.
Flavors: r-devel-linux-x86_64-debian-clang, r-devel-linux-x86_64-debian-gcc, r-devel-linux-x86_64-fedora-clang, r-devel-linux-x86_64-fedora-gcc, r-devel-windows-x86_64-new-UL, r-devel-windows-x86_64-new-TK, r-devel-windows-x86_64-old, r-patched-linux-x86_64, r-patched-solaris-x86, r-release-linux-x86_64, r-release-macos-arm64, r-release-macos-x86_64, r-release-windows-ix86+x86_64, r-oldrel-macos-x86_64, r-oldrel-windows-ix86+x86_64