CRAN Package Check Results for Package BallMapper

Last updated on 2024-07-13 10:48:38 CEST.

Flavor Version Tinstall Tcheck Ttotal Status Flags
r-devel-linux-x86_64-debian-clang 0.2.0 6.03 35.94 41.97 NOTE
r-devel-linux-x86_64-debian-gcc 0.2.0 6.34 27.17 33.51 NOTE
r-devel-linux-x86_64-fedora-clang 0.2.0 54.32 NOTE
r-devel-linux-x86_64-fedora-gcc 0.2.0 50.32 NOTE
r-devel-windows-x86_64 0.2.0 8.00 49.00 57.00 NOTE
r-patched-linux-x86_64 0.2.0 7.85 33.80 41.65 NOTE
r-release-linux-x86_64 0.2.0 7.99 35.20 43.19 NOTE
r-release-macos-arm64 0.2.0 21.00 NOTE
r-release-macos-x86_64 0.2.0 35.00 NOTE
r-release-windows-x86_64 0.2.0 7.00 51.00 58.00 NOTE
r-oldrel-macos-arm64 0.2.0 22.00 NOTE
r-oldrel-macos-x86_64 0.2.0 29.00 NOTE
r-oldrel-windows-x86_64 0.2.0 9.00 55.00 64.00 NOTE

Check Details

Version: 0.2.0
Check: LazyData
Result: NOTE 'LazyData' is specified without a 'data' directory Flavors: r-devel-linux-x86_64-debian-clang, r-devel-linux-x86_64-debian-gcc, r-devel-linux-x86_64-fedora-clang, r-devel-linux-x86_64-fedora-gcc, r-devel-windows-x86_64, r-patched-linux-x86_64, r-release-linux-x86_64, r-release-macos-arm64, r-release-macos-x86_64, r-release-windows-x86_64, r-oldrel-macos-arm64, r-oldrel-macos-x86_64, r-oldrel-windows-x86_64

Version: 0.2.0
Check: dependencies in R code
Result: NOTE Namespace in Imports field not imported from: ‘testthat’ All declared Imports should be used. Flavors: r-devel-linux-x86_64-fedora-clang, r-devel-linux-x86_64-fedora-gcc