CRAN Package Check Results for Package Barnard

Last updated on 2021-09-23 07:49:25 CEST.

Flavor Version Tinstall Tcheck Ttotal Status Flags
r-devel-linux-x86_64-debian-clang 1.8 2.32 20.96 23.28 OK
r-devel-linux-x86_64-debian-gcc 1.8 1.78 16.55 18.33 OK
r-devel-linux-x86_64-fedora-clang 1.8 37.59 NOTE
r-devel-linux-x86_64-fedora-gcc 1.8 27.30 NOTE
r-devel-windows-x86_64 1.8 6.00 25.00 31.00 OK
r-devel-windows-x86_64-gcc10-UCRT 1.8 ERROR
r-patched-linux-x86_64 1.8 2.32 20.62 22.94 OK
r-patched-solaris-x86 1.8 43.30 OK
r-release-linux-x86_64 1.8 2.31 20.41 22.72 OK
r-release-macos-arm64 1.8 OK
r-release-macos-x86_64 1.8 OK
r-release-windows-ix86+x86_64 1.8 9.00 43.00 52.00 OK
r-oldrel-macos-x86_64 1.8 OK
r-oldrel-windows-ix86+x86_64 1.8 8.00 40.00 48.00 OK

Check Details

Version: 1.8
Check: compiled code
Result: NOTE
    File ‘Barnard/libs/Barnard.so’:
     Found no calls to: ‘R_registerRoutines’, ‘R_useDynamicSymbols’
    
    It is good practice to register native routines and to disable symbol
    search.
    
    See ‘Writing portable packages’ in the ‘Writing R Extensions’ manual.
Flavors: r-devel-linux-x86_64-fedora-clang, r-devel-linux-x86_64-fedora-gcc

Version: 1.8
Check: whether package can be installed
Result: ERROR
    Installation failed.
Flavor: r-devel-windows-x86_64-gcc10-UCRT