Last updated on 2025-06-14 22:48:20 CEST.
Flavor | Version | Tinstall | Tcheck | Ttotal | Status | Flags |
---|---|---|---|---|---|---|
r-devel-linux-x86_64-debian-clang | 2.1.0 | 43.48 | 134.24 | 177.72 | OK | |
r-devel-linux-x86_64-debian-gcc | 2.1.0 | 30.30 | 122.91 | 153.21 | OK | |
r-devel-linux-x86_64-fedora-clang | 2.1.0 | 266.22 | OK | |||
r-devel-linux-x86_64-fedora-gcc | 2.1.0 | 278.60 | OK | |||
r-devel-windows-x86_64 | 2.1.0 | 47.00 | 155.00 | 202.00 | OK | |
r-patched-linux-x86_64 | 2.1.0 | 45.86 | 101.68 | 147.54 | OK | |
r-release-linux-x86_64 | 2.1.0 | 39.75 | 120.59 | 160.34 | OK | |
r-release-macos-arm64 | 2.1.0 | 69.00 | OK | |||
r-release-macos-x86_64 | 2.1.0 | 111.00 | OK | |||
r-release-windows-x86_64 | 2.1.0 | 48.00 | 161.00 | 209.00 | OK | |
r-oldrel-macos-arm64 | 2.1.0 | 147.00 | NOTE | |||
r-oldrel-macos-x86_64 | 2.1.0 | 126.00 | NOTE | |||
r-oldrel-windows-x86_64 | 2.1.0 | 60.00 | 184.00 | 244.00 | OK |
Version: 2.1.0
Check: installed package size
Result: NOTE
installed size is 6.8Mb
sub-directories of 1Mb or more:
libs 6.5Mb
Flavors: r-oldrel-macos-arm64, r-oldrel-macos-x86_64