CRAN Package Check Results for Package BayesESS

Last updated on 2021-09-16 16:50:07 CEST.

Flavor Version Tinstall Tcheck Ttotal Status Flags
r-devel-linux-x86_64-debian-clang 0.1.19 59.65 81.73 141.38 NOTE
r-devel-linux-x86_64-debian-gcc 0.1.19 35.28 62.35 97.63 NOTE
r-devel-linux-x86_64-fedora-clang 0.1.19 192.12 NOTE
r-devel-linux-x86_64-fedora-gcc 0.1.19 169.82 NOTE
r-devel-windows-x86_64 0.1.19 56.00 102.00 158.00 NOTE
r-devel-windows-x86_64-gcc10-UCRT 0.1.19 NOTE
r-patched-linux-x86_64 0.1.19 48.56 78.83 127.39 NOTE
r-patched-solaris-x86 0.1.19 205.80 NOTE
r-release-linux-x86_64 0.1.19 44.14 78.13 122.27 NOTE
r-release-macos-arm64 0.1.19 NOTE
r-release-macos-x86_64 0.1.19 NOTE
r-release-windows-ix86+x86_64 0.1.19 140.00 136.00 276.00 NOTE
r-oldrel-macos-x86_64 0.1.19 NOTE
r-oldrel-windows-ix86+x86_64 0.1.19 105.00 137.00 242.00 OK

Check Details

Version: 0.1.19
Check: LazyData
Result: NOTE
     'LazyData' is specified without a 'data' directory
Flavors: r-devel-linux-x86_64-debian-clang, r-devel-linux-x86_64-debian-gcc, r-devel-linux-x86_64-fedora-clang, r-devel-linux-x86_64-fedora-gcc, r-devel-windows-x86_64, r-devel-windows-x86_64-gcc10-UCRT, r-patched-linux-x86_64, r-patched-solaris-x86, r-release-linux-x86_64, r-release-macos-arm64, r-release-macos-x86_64, r-release-windows-ix86+x86_64

Version: 0.1.19
Check: dependencies in R code
Result: NOTE
    Namespaces in Imports field not imported from:
     ‘MASS’ ‘MatrixModels’
     All declared Imports should be used.
Flavors: r-devel-linux-x86_64-fedora-clang, r-devel-linux-x86_64-fedora-gcc, r-devel-windows-x86_64-gcc10-UCRT, r-patched-solaris-x86, r-release-macos-arm64, r-release-macos-x86_64, r-oldrel-macos-x86_64