CRAN Package Check Results for Package BayesMFSurv

Last updated on 2021-09-27 19:50:12 CEST.

Flavor Version Tinstall Tcheck Ttotal Status Flags
r-devel-linux-x86_64-debian-clang 0.1.0 39.28 87.51 126.79 OK
r-devel-linux-x86_64-debian-gcc 0.1.0 25.63 65.66 91.29 OK
r-devel-linux-x86_64-fedora-clang 0.1.0 164.73 NOTE
r-devel-linux-x86_64-fedora-gcc 0.1.0 151.78 NOTE
r-devel-windows-x86_64 0.1.0 35.00 94.00 129.00 OK
r-devel-windows-x86_64-gcc10-UCRT 0.1.0 NOTE
r-patched-linux-x86_64 0.1.0 31.07 82.52 113.59 OK
r-patched-solaris-x86 0.1.0 202.60 NOTE
r-release-linux-x86_64 0.1.0 31.77 86.07 117.84 OK
r-release-macos-arm64 0.1.0 NOTE
r-release-macos-x86_64 0.1.0 NOTE
r-release-windows-ix86+x86_64 0.1.0 89.00 168.00 257.00 OK
r-oldrel-macos-x86_64 0.1.0 NOTE
r-oldrel-windows-ix86+x86_64 0.1.0 61.00 123.00 184.00 OK

Check Details

Version: 0.1.0
Check: dependencies in R code
Result: NOTE
    Namespace in Imports field not imported from: ‘FastGP’
     All declared Imports should be used.
Flavors: r-devel-linux-x86_64-fedora-clang, r-devel-linux-x86_64-fedora-gcc, r-devel-windows-x86_64-gcc10-UCRT, r-patched-solaris-x86, r-release-macos-arm64, r-release-macos-x86_64, r-oldrel-macos-x86_64