CRAN Package Check Results for Package BayesianFROC

Last updated on 2021-09-21 16:51:08 CEST.

Flavor Version Tinstall Tcheck Ttotal Status Flags
r-devel-linux-x86_64-debian-clang 0.4.0 29.70 196.88 226.58 OK
r-devel-linux-x86_64-debian-gcc 0.4.0 23.89 142.67 166.56 OK
r-devel-linux-x86_64-fedora-clang 0.4.0 287.56 OK
r-devel-linux-x86_64-fedora-gcc 0.4.0 261.36 OK
r-devel-windows-x86_64 0.4.0 35.00 191.00 226.00 OK
r-devel-windows-x86_64-gcc10-UCRT 0.4.0 ERROR
r-patched-linux-x86_64 0.4.0 33.40 185.05 218.45 OK
r-patched-solaris-x86 0.4.0 330.70 OK
r-release-linux-x86_64 0.4.0 26.47 184.17 210.64 OK
r-release-macos-arm64 0.4.0 OK
r-release-macos-x86_64 0.4.0 OK
r-release-windows-ix86+x86_64 0.4.0 59.00 244.00 303.00 OK
r-oldrel-macos-x86_64 0.4.0 OK
r-oldrel-windows-ix86+x86_64 0.4.0 55.00 244.00 299.00 OK

Check Details

Version: 0.4.0
Check: whether package can be installed
Result: WARN
    Found the following significant warnings:
     WARNING: installation-time patches will not be applied, could not get the patches index
Flavor: r-devel-windows-x86_64-gcc10-UCRT

Version: 0.4.0
Check: PDF version of manual
Result: WARN
    LaTeX errors when creating PDF version.
    This typically indicates Rd problems.
Flavor: r-devel-windows-x86_64-gcc10-UCRT

Version: 0.4.0
Check: PDF version of manual without hyperrefs or index
Result: ERROR
    Re-running with no redirection of stdout/stderr.
Flavor: r-devel-windows-x86_64-gcc10-UCRT