CRAN Package Check Results for Package BiSEp

Last updated on 2021-08-05 16:49:00 CEST.

Flavor Version Tinstall Tcheck Ttotal Status Flags
r-devel-linux-x86_64-debian-clang 2.2 17.80 338.19 355.99 OK
r-devel-linux-x86_64-debian-gcc 2.2 14.27 192.36 206.63 OK
r-devel-linux-x86_64-fedora-clang 2.2 440.18 OK
r-devel-linux-x86_64-fedora-gcc 2.2 316.38 OK
r-devel-windows-x86_64 2.2 26.00 288.00 314.00 OK
r-devel-windows-x86_64-gcc10-UCRT 2.2 OK
r-patched-linux-x86_64 2.2 17.43 237.46 254.89 OK
r-patched-solaris-x86 2.2 530.70 OK
r-release-linux-x86_64 2.2 15.67 237.98 253.65 OK
r-release-macos-arm64 2.2 ERROR
r-release-macos-x86_64 2.2 ERROR
r-release-windows-ix86+x86_64 2.2 42.00 221.00 263.00 OK
r-oldrel-macos-x86_64 2.2 OK
r-oldrel-windows-ix86+x86_64 2.2 26.00 245.00 271.00 OK

Check Details

Version: 2.2
Check: package dependencies
Result: ERROR
    Package required but not available: ‘GOSemSim’
    
    Packages suggested but not available for checking: 'GO.db', 'org.Hs.eg.db'
    
    See section ‘The DESCRIPTION file’ in the ‘Writing R Extensions’
    manual.
Flavor: r-release-macos-arm64

Version: 2.2
Check: package dependencies
Result: NOTE
    Packages suggested but not available for checking: 'GO.db', 'org.Hs.eg.db'
Flavor: r-release-macos-x86_64

Version: 2.2
Check: whether package can be installed
Result: ERROR
    Installation failed.
Flavor: r-release-macos-x86_64