CRAN Package Check Results for Package BinaryEPPM

Last updated on 2021-10-19 07:49:29 CEST.

Flavor Version Tinstall Tcheck Ttotal Status Flags
r-devel-linux-x86_64-debian-clang 2.3 11.67 83.05 94.72 OK
r-devel-linux-x86_64-debian-gcc 2.3 8.14 63.13 71.27 OK
r-devel-linux-x86_64-fedora-clang 2.3 134.66 NOTE
r-devel-linux-x86_64-fedora-gcc 2.3 112.08 OK
r-devel-windows-x86_64 2.3 17.00 116.00 133.00 OK
r-devel-windows-x86_64-gcc10-UCRT 2.3 OK
r-patched-linux-x86_64 2.3 12.06 80.11 92.17 OK
r-patched-solaris-x86 2.3 156.90 OK
r-release-linux-x86_64 2.3 11.84 80.34 92.18 OK
r-release-macos-arm64 2.3 OK
r-release-macos-x86_64 2.3 OK
r-release-windows-ix86+x86_64 2.3 16.00 110.00 126.00 OK
r-oldrel-macos-x86_64 2.3 OK
r-oldrel-windows-ix86+x86_64 2.3 21.00 111.00 132.00 OK

Check Details

Version: 2.3
Check: Rd cross-references
Result: NOTE
    Undeclared packages ‘CountsEPPM’, ‘betareg’ in Rd xrefs
Flavor: r-devel-linux-x86_64-fedora-clang