CRAN Package Check Results for Package BioFTF

Last updated on 2021-09-22 04:54:46 CEST.

Flavor Version Tinstall Tcheck Ttotal Status Flags
r-devel-linux-x86_64-debian-clang 1.2-0 4.12 28.37 32.49 NOTE
r-devel-linux-x86_64-debian-gcc 1.2-0 3.06 21.41 24.47 NOTE
r-devel-linux-x86_64-fedora-clang 1.2-0 50.30 NOTE
r-devel-linux-x86_64-fedora-gcc 1.2-0 36.24 NOTE
r-devel-windows-x86_64 1.2-0 5.00 32.00 37.00 NOTE
r-devel-windows-x86_64-gcc10-UCRT 1.2-0 ERROR
r-patched-linux-x86_64 1.2-0 4.34 26.84 31.18 NOTE
r-patched-solaris-x86 1.2-0 52.10 NOTE
r-release-linux-x86_64 1.2-0 3.90 26.71 30.61 NOTE
r-release-macos-arm64 1.2-0 NOTE
r-release-macos-x86_64 1.2-0 NOTE
r-release-windows-ix86+x86_64 1.2-0 8.00 45.00 53.00 NOTE
r-oldrel-macos-x86_64 1.2-0 NOTE
r-oldrel-windows-ix86+x86_64 1.2-0 7.00 33.00 40.00 NOTE

Check Details

Version: 1.2-0
Check: DESCRIPTION meta-information
Result: NOTE
    BugReports field is not a suitable URL but appears to contain an email address
     not specified by mailto: nor contained in < >
     use the Contact field instead
Flavors: r-devel-linux-x86_64-debian-clang, r-devel-linux-x86_64-debian-gcc, r-devel-linux-x86_64-fedora-clang, r-devel-linux-x86_64-fedora-gcc, r-devel-windows-x86_64, r-devel-windows-x86_64-gcc10-UCRT, r-patched-linux-x86_64, r-patched-solaris-x86, r-release-linux-x86_64, r-release-macos-arm64, r-release-macos-x86_64, r-release-windows-ix86+x86_64, r-oldrel-macos-x86_64, r-oldrel-windows-ix86+x86_64

Version: 1.2-0
Check: for non-standard things in the check directory
Result: NOTE
    Found the following files/directories:
     'Plots.pdf'
Flavors: r-devel-linux-x86_64-debian-clang, r-devel-linux-x86_64-debian-gcc, r-devel-linux-x86_64-fedora-clang, r-devel-linux-x86_64-fedora-gcc, r-patched-linux-x86_64, r-patched-solaris-x86, r-release-linux-x86_64

Version: 1.2-0
Check: PDF version of manual
Result: WARN
    LaTeX errors when creating PDF version.
    This typically indicates Rd problems.
Flavor: r-devel-windows-x86_64-gcc10-UCRT

Version: 1.2-0
Check: PDF version of manual without hyperrefs or index
Result: ERROR
    Re-running with no redirection of stdout/stderr.
Flavor: r-devel-windows-x86_64-gcc10-UCRT