CRAN Package Check Results for Package BoomSpikeSlab

Last updated on 2021-12-02 21:51:51 CET.

Flavor Version Tinstall Tcheck Ttotal Status Flags
r-devel-linux-x86_64-debian-clang 1.2.4 45.30 115.09 160.39 OK
r-devel-linux-x86_64-debian-gcc 1.2.4 36.72 81.53 118.25 OK
r-devel-linux-x86_64-fedora-clang 1.2.4 213.80 NOTE
r-devel-linux-x86_64-fedora-gcc 1.2.4 211.51 OK
r-devel-windows-x86_64-new-UL 1.2.4 97.00 284.00 381.00 OK
r-devel-windows-x86_64-new-TK 1.2.4 OK
r-devel-windows-x86_64-old 1.2.4 60.00 135.00 195.00 OK
r-patched-linux-x86_64 1.2.4 48.22 102.78 151.00 OK
r-release-linux-x86_64 1.2.4 45.93 105.77 151.70 OK
r-release-macos-arm64 1.2.4 NOTE
r-release-macos-x86_64 1.2.4 NOTE
r-release-windows-ix86+x86_64 1.2.4 109.00 304.00 413.00 NOTE
r-oldrel-macos-x86_64 1.2.4 NOTE
r-oldrel-windows-ix86+x86_64 1.2.4 112.00 301.00 413.00 NOTE

Additional issues

rchk

Check Details

Version: 1.2.4
Check: installed package size
Result: NOTE
     installed size is 68.1Mb
     sub-directories of 1Mb or more:
     libs 67.5Mb
Flavors: r-devel-linux-x86_64-fedora-clang, r-release-macos-arm64, r-release-macos-x86_64, r-release-windows-ix86+x86_64, r-oldrel-macos-x86_64, r-oldrel-windows-ix86+x86_64