CRAN Package Check Results for Package BullsEyeR

Last updated on 2021-12-02 09:55:03 CET.

Flavor Version Tinstall Tcheck Ttotal Status Flags
r-devel-linux-x86_64-debian-clang 0.2.0 8.81 68.25 77.06 NOTE
r-devel-linux-x86_64-debian-gcc 0.2.0 7.38 53.16 60.54 NOTE
r-devel-linux-x86_64-fedora-clang 0.2.0 103.32 NOTE
r-devel-linux-x86_64-fedora-gcc 0.2.0 97.45 NOTE
r-devel-windows-x86_64-new-UL 0.2.0 16.00 100.00 116.00 NOTE
r-devel-windows-x86_64-new-TK 0.2.0 NOTE
r-devel-windows-x86_64-old 0.2.0 12.00 68.00 80.00 NOTE
r-patched-linux-x86_64 0.2.0 7.85 67.36 75.21 NOTE
r-patched-solaris-x86 0.2.0 138.80 NOTE
r-release-linux-x86_64 0.2.0 8.66 66.16 74.82 NOTE
r-release-macos-arm64 0.2.0 NOTE
r-release-macos-x86_64 0.2.0 NOTE
r-release-windows-ix86+x86_64 0.2.0 19.00 93.00 112.00 NOTE
r-oldrel-macos-x86_64 0.2.0 OK
r-oldrel-windows-ix86+x86_64 0.2.0 19.00 89.00 108.00 OK

Check Details

Version: 0.2.0
Check: LazyData
Result: NOTE
     'LazyData' is specified without a 'data' directory
Flavors: r-devel-linux-x86_64-debian-clang, r-devel-linux-x86_64-debian-gcc, r-devel-linux-x86_64-fedora-clang, r-devel-linux-x86_64-fedora-gcc, r-devel-windows-x86_64-new-UL, r-devel-windows-x86_64-new-TK, r-devel-windows-x86_64-old, r-patched-linux-x86_64, r-patched-solaris-x86, r-release-linux-x86_64, r-release-macos-arm64, r-release-macos-x86_64, r-release-windows-ix86+x86_64

Version: 0.2.0
Check: Rd cross-references
Result: NOTE
    Undeclared package ‘ldatuning’ in Rd xrefs
Flavor: r-devel-linux-x86_64-fedora-clang