CRAN Package Check Results for Package BusinessDuration

Last updated on 2024-04-23 10:53:58 CEST.

Flavor Version Tinstall Tcheck Ttotal Status Flags
r-devel-linux-x86_64-debian-clang 0.2.0 2.44 21.02 23.46 NOTE
r-devel-linux-x86_64-debian-gcc 0.2.0 1.78 16.53 18.31 NOTE
r-devel-linux-x86_64-fedora-clang 0.2.0 30.69 NOTE
r-devel-linux-x86_64-fedora-gcc 0.2.0 29.43 NOTE
r-prerel-macos-arm64 0.2.0 14.00 NOTE
r-prerel-windows-x86_64 0.2.0 3.00 38.00 41.00 NOTE
r-patched-linux-x86_64 0.2.0 1.83 20.61 22.44 NOTE
r-release-linux-x86_64 0.2.0 1.87 20.64 22.51 NOTE
r-release-macos-arm64 0.2.0 15.00 NOTE
r-release-macos-x86_64 0.2.0 19.00 NOTE
r-release-windows-x86_64 0.2.0 2.00 37.00 39.00 NOTE
r-oldrel-macos-arm64 0.2.0 13.00 NOTE
r-oldrel-windows-x86_64 0.2.0 6.00 43.00 49.00 NOTE

Check Details

Version: 0.2.0
Check: LazyData
Result: NOTE 'LazyData' is specified without a 'data' directory Flavors: r-devel-linux-x86_64-debian-clang, r-devel-linux-x86_64-debian-gcc, r-devel-linux-x86_64-fedora-clang, r-devel-linux-x86_64-fedora-gcc, r-prerel-macos-arm64, r-prerel-windows-x86_64, r-patched-linux-x86_64, r-release-linux-x86_64, r-release-macos-arm64, r-release-macos-x86_64, r-release-windows-x86_64, r-oldrel-macos-arm64, r-oldrel-windows-x86_64