CRAN Package Check Results for Package CDM

Last updated on 2024-04-21 10:54:52 CEST.

Flavor Version Tinstall Tcheck Ttotal Status Flags
r-devel-linux-x86_64-debian-clang 8.2-6 197.81 183.84 381.65 NOTE
r-devel-linux-x86_64-debian-gcc 8.2-6 137.62 128.64 266.26 NOTE
r-devel-linux-x86_64-fedora-clang 8.2-6 523.26 NOTE
r-devel-linux-x86_64-fedora-gcc 8.2-6 501.48 NOTE
r-prerel-macos-arm64 8.2-6 151.00 NOTE
r-prerel-windows-x86_64 8.2-6 145.00 175.00 320.00 NOTE
r-patched-linux-x86_64 8.2-6 184.05 169.02 353.07 NOTE
r-release-linux-x86_64 8.2-6 170.53 177.71 348.24 OK
r-release-macos-arm64 8.2-6 109.00 NOTE
r-release-macos-x86_64 8.2-6 200.00 NOTE
r-release-windows-x86_64 8.2-6 185.00 215.00 400.00 OK
r-oldrel-macos-arm64 8.2-6 109.00 NOTE
r-oldrel-windows-x86_64 8.2-6 173.00 192.00 365.00 OK

Check Details

Version: 8.2-6
Check: Rd files
Result: NOTE checkRd: (-1) data.dtmr.Rd:57: Lost braces; missing escapes or markup? 57 | \code{RU}: {Referent units} | ^ checkRd: (-1) data.dtmr.Rd:59: Lost braces; missing escapes or markup? 59 | \code{PI}: {Partitioning and iterating attribute} | ^ checkRd: (-1) data.dtmr.Rd:61: Lost braces; missing escapes or markup? 61 | \code{APP}: {Appropriateness attribute} | ^ checkRd: (-1) data.dtmr.Rd:63: Lost braces; missing escapes or markup? 63 | \code{MC}: {Multiplicative Comparison attribute} | ^ Flavors: r-devel-linux-x86_64-debian-clang, r-devel-linux-x86_64-debian-gcc, r-devel-linux-x86_64-fedora-clang, r-devel-linux-x86_64-fedora-gcc, r-prerel-macos-arm64, r-prerel-windows-x86_64, r-patched-linux-x86_64

Version: 8.2-6
Check: installed package size
Result: NOTE installed size is 6.1Mb sub-directories of 1Mb or more: data 1.3Mb libs 3.3Mb Flavors: r-prerel-macos-arm64, r-release-macos-arm64, r-release-macos-x86_64, r-oldrel-macos-arm64

Version: 8.2-6
Check: package dependencies
Result: NOTE Package which this enhances but not available for checking: ‘mirt’ Flavor: r-release-macos-x86_64

Version: 8.2-6
Check: Rd cross-references
Result: NOTE Package unavailable to check Rd xrefs: ‘mirt’ Flavor: r-release-macos-x86_64