CRAN Package Check Results for Package CDMConnector

Last updated on 2024-02-24 03:52:30 CET.

Flavor Version Tinstall Tcheck Ttotal Status Flags
r-devel-linux-x86_64-debian-clang 1.3.0 11.71 339.30 351.01 NOTE
r-devel-linux-x86_64-debian-gcc 1.3.0 9.05 255.63 264.68 NOTE
r-devel-linux-x86_64-fedora-clang 1.3.0 468.22 NOTE
r-devel-linux-x86_64-fedora-gcc 1.3.0 444.97 NOTE
r-devel-windows-x86_64 1.3.0 11.00 260.00 271.00 NOTE
r-patched-linux-x86_64 1.3.0 9.32 334.82 344.14 NOTE
r-release-linux-x86_64 1.3.0 7.21 331.04 338.25 NOTE
r-release-macos-arm64 1.3.0 142.00 NOTE
r-release-macos-x86_64 1.3.0 304.00 NOTE
r-release-windows-x86_64 1.3.0 14.00 326.00 340.00 NOTE
r-oldrel-macos-arm64 1.3.0 134.00 NOTE
r-oldrel-windows-x86_64 1.3.0 14.00 323.00 337.00 NOTE

Additional issues

noSuggests

Check Details

Version: 1.3.0
Check: package dependencies
Result: NOTE Packages which this enhances but not available for checking: 'arrow', 'CirceR', 'Capr' Flavor: r-devel-linux-x86_64-debian-clang

Version: 1.3.0
Check: package dependencies
Result: NOTE Packages which this enhances but not available for checking: 'CirceR', 'Capr' Flavors: r-devel-linux-x86_64-debian-gcc, r-devel-linux-x86_64-fedora-clang, r-devel-linux-x86_64-fedora-gcc, r-devel-windows-x86_64, r-patched-linux-x86_64, r-release-linux-x86_64, r-release-macos-arm64, r-release-macos-x86_64, r-release-windows-x86_64, r-oldrel-macos-arm64, r-oldrel-windows-x86_64