CRAN Package Check Results for Package CIAAWconsensus

Last updated on 2024-07-23 10:55:59 CEST.

Flavor Version Tinstall Tcheck Ttotal Status Flags
r-devel-linux-x86_64-debian-clang 1.3 3.09 34.64 37.73 OK
r-devel-linux-x86_64-debian-gcc 1.3 1.42 26.36 27.78 OK
r-devel-linux-x86_64-fedora-clang 1.3 47.98 NOTE
r-devel-linux-x86_64-fedora-gcc 1.3 45.59 NOTE
r-devel-windows-x86_64 1.3 4.00 54.00 58.00 OK
r-patched-linux-x86_64 1.3 3.06 34.49 37.55 OK
r-release-linux-x86_64 1.3 1.97 34.50 36.47 OK
r-release-macos-arm64 1.3 18.00 OK
r-release-macos-x86_64 1.3 27.00 OK
r-release-windows-x86_64 1.3 4.00 55.00 59.00 OK
r-oldrel-macos-arm64 1.3 27.00 OK
r-oldrel-macos-x86_64 1.3 28.00 OK
r-oldrel-windows-x86_64 1.3 4.00 53.00 57.00 OK

Check Details

Version: 1.3
Check: dependencies in R code
Result: NOTE Namespaces in Imports field not imported from: ‘Matrix’ ‘stringr’ All declared Imports should be used. Flavors: r-devel-linux-x86_64-fedora-clang, r-devel-linux-x86_64-fedora-gcc