CRAN Package Check Results for Package CKMRpop

Last updated on 2024-07-25 04:49:49 CEST.

Flavor Version Tinstall Tcheck Ttotal Status Flags
r-devel-linux-x86_64-debian-clang 0.1.3 32.13 206.51 238.64 OK
r-devel-linux-x86_64-debian-gcc 0.1.3 23.84 154.33 178.17 OK
r-devel-linux-x86_64-fedora-clang 0.1.3 346.45 NOTE
r-devel-linux-x86_64-fedora-gcc 0.1.3 305.84 OK
r-devel-windows-x86_64 0.1.3 31.00 174.00 205.00 NOTE
r-patched-linux-x86_64 0.1.3 38.59 195.37 233.96 OK
r-release-linux-x86_64 0.1.3 20.48 202.08 222.56 OK
r-release-macos-arm64 0.1.3 77.00 NOTE
r-release-macos-x86_64 0.1.3 125.00 NOTE
r-release-windows-x86_64 0.1.3 36.00 168.00 204.00 NOTE
r-oldrel-macos-arm64 0.1.3 99.00 NOTE
r-oldrel-macos-x86_64 0.1.3 144.00 NOTE
r-oldrel-windows-x86_64 0.1.3 39.00 215.00 254.00 NOTE

Check Details

Version: 0.1.3
Check: installed package size
Result: NOTE installed size is 6.0Mb sub-directories of 1Mb or more: data 1.1Mb doc 3.6Mb help 1.0Mb Flavors: r-devel-linux-x86_64-fedora-clang, r-devel-windows-x86_64, r-release-macos-arm64, r-release-macos-x86_64, r-release-windows-x86_64, r-oldrel-macos-arm64, r-oldrel-macos-x86_64, r-oldrel-windows-x86_64