CRAN Package Check Results for Package CNVScope

Last updated on 2021-09-24 22:52:49 CEST.

Flavor Version Tinstall Tcheck Ttotal Status Flags
r-devel-linux-x86_64-debian-clang 3.6.0 42.69 578.25 620.94 OK
r-devel-linux-x86_64-debian-gcc 3.6.0 41.59 442.95 484.54 OK
r-devel-linux-x86_64-fedora-clang 3.6.0 797.90 NOTE
r-devel-linux-x86_64-fedora-gcc 3.6.0 800.46 OK
r-devel-windows-x86_64 3.6.0 64.00 492.00 556.00 NOTE
r-devel-windows-x86_64-gcc10-UCRT 3.6.0 OK
r-patched-linux-x86_64 3.6.0 42.84 598.63 641.47 OK
r-patched-solaris-x86 3.6.0 1049.60 NOTE
r-release-linux-x86_64 3.6.0 40.12 597.10 637.22 OK
r-release-macos-arm64 3.6.0 NOTE
r-release-macos-x86_64 3.6.0 ERROR
r-release-windows-ix86+x86_64 3.6.0 147.00 701.00 848.00 NOTE
r-oldrel-macos-x86_64 3.5.6 ERROR
r-oldrel-windows-ix86+x86_64 3.5.6 21.00 6.00 27.00 ERROR

Check Details

Version: 3.6.0
Check: installed package size
Result: NOTE
     installed size is 5.3Mb
     sub-directories of 1Mb or more:
     doc 3.2Mb
     extdata 1.7Mb
Flavors: r-devel-linux-x86_64-fedora-clang, r-devel-windows-x86_64, r-patched-solaris-x86, r-release-macos-arm64, r-release-windows-ix86+x86_64

Version: 3.6.0
Check: package dependencies
Result: ERROR
    Package required but not available: ‘GenomicInteractions’
    
    Packages suggested but not available for checking:
     'InteractionSet', 'BSgenome.Hsapiens.UCSC.hg19'
    
    See section ‘The DESCRIPTION file’ in the ‘Writing R Extensions’
    manual.
Flavor: r-release-macos-x86_64

Version: 3.5.6
Check: package dependencies
Result: ERROR
    Package required but not available: ‘GenomicInteractions’
    
    Package suggested but not available for checking: ‘InteractionSet’
    
    See section ‘The DESCRIPTION file’ in the ‘Writing R Extensions’
    manual.
Flavor: r-oldrel-macos-x86_64

Version: 3.5.6
Check: whether package can be installed
Result: ERROR
    Installation failed.
Flavor: r-oldrel-windows-ix86+x86_64