CRAN Package Check Results for Package CSGo

Last updated on 2021-10-19 22:53:52 CEST.

Flavor Version Tinstall Tcheck Ttotal Status Flags
r-devel-linux-x86_64-debian-clang 0.6.7 2.55 27.23 29.78 OK
r-devel-linux-x86_64-debian-gcc 0.6.7 1.94 21.18 23.12 OK
r-devel-linux-x86_64-fedora-clang 0.6.7 46.50 NOTE
r-devel-linux-x86_64-fedora-gcc 0.6.7 35.95 NOTE
r-devel-windows-x86_64 0.6.7 5.00 51.00 56.00 OK
r-devel-windows-x86_64-gcc10-UCRT 0.6.7 NOTE
r-patched-linux-x86_64 0.6.7 2.71 26.38 29.09 OK
r-patched-solaris-x86 0.6.7 56.70 NOTE
r-release-linux-x86_64 0.6.7 2.35 27.18 29.53 OK
r-release-macos-arm64 0.6.7 NOTE
r-release-macos-x86_64 0.6.7 NOTE
r-release-windows-ix86+x86_64 0.6.7 14.00 49.00 63.00 OK
r-oldrel-macos-x86_64 0.6.7 NOTE
r-oldrel-windows-ix86+x86_64 0.6.7 6.00 45.00 51.00 OK

Check Details

Version: 0.6.7
Check: dependencies in R code
Result: NOTE
    Namespaces in Imports field not imported from:
     ‘extrafont’ ‘future’
     All declared Imports should be used.
Flavors: r-devel-linux-x86_64-fedora-clang, r-devel-linux-x86_64-fedora-gcc, r-devel-windows-x86_64-gcc10-UCRT, r-patched-solaris-x86, r-release-macos-arm64, r-release-macos-x86_64, r-oldrel-macos-x86_64