Last updated on 2025-01-14 03:49:22 CET.
Flavor | Version | Tinstall | Tcheck | Ttotal | Status | Flags |
---|---|---|---|---|---|---|
r-devel-linux-x86_64-debian-clang | 0.6.7 | 2.18 | 24.50 | 26.68 | OK | |
r-devel-linux-x86_64-debian-gcc | 0.6.7 | 1.53 | 20.14 | 21.67 | OK | |
r-devel-linux-x86_64-fedora-clang | 0.6.7 | 46.30 | NOTE | |||
r-devel-linux-x86_64-fedora-gcc | 0.6.7 | 57.97 | NOTE | |||
r-devel-windows-x86_64 | 0.6.7 | 6.00 | 51.00 | 57.00 | OK | |
r-patched-linux-x86_64 | 0.6.7 | 2.16 | 23.84 | 26.00 | OK | |
r-release-linux-x86_64 | 0.6.7 | 1.88 | 23.84 | 25.72 | OK | |
r-release-macos-arm64 | 0.6.7 | 25.00 | OK | |||
r-release-macos-x86_64 | 0.6.7 | 35.00 | OK | |||
r-release-windows-x86_64 | 0.6.7 | 4.00 | 50.00 | 54.00 | OK | |
r-oldrel-macos-arm64 | 0.6.7 | 30.00 | OK | |||
r-oldrel-macos-x86_64 | 0.6.7 | 35.00 | OK | |||
r-oldrel-windows-x86_64 | 0.6.7 | 5.00 | 51.00 | 56.00 | OK |
Version: 0.6.7
Check: dependencies in R code
Result: NOTE
Namespaces in Imports field not imported from:
‘extrafont’ ‘future’
All declared Imports should be used.
Flavors: r-devel-linux-x86_64-fedora-clang, r-devel-linux-x86_64-fedora-gcc