CRAN Package Check Results for Package CVD

Last updated on 2021-10-18 19:51:31 CEST.

Flavor Version Tinstall Tcheck Ttotal Status Flags
r-devel-linux-x86_64-debian-clang 1.0.2 5.11 33.45 38.56 OK
r-devel-linux-x86_64-debian-gcc 1.0.2 4.80 26.34 31.14 OK
r-devel-linux-x86_64-fedora-clang 1.0.2 57.31 OK
r-devel-linux-x86_64-fedora-gcc 1.0.2 46.93 OK
r-devel-windows-x86_64 1.0.2 8.00 55.00 63.00 OK
r-devel-windows-x86_64-gcc10-UCRT 1.0.2 NOTE
r-patched-linux-x86_64 1.0.2 5.73 32.81 38.54 OK
r-patched-solaris-x86 1.0.2 64.40 OK
r-release-linux-x86_64 1.0.2 5.86 32.50 38.36 OK
r-release-macos-arm64 1.0.2 NOTE
r-release-macos-x86_64 1.0.2 OK
r-release-windows-ix86+x86_64 1.0.2 10.00 51.00 61.00 OK
r-oldrel-macos-x86_64 1.0.2 OK
r-oldrel-windows-ix86+x86_64 1.0.2 9.00 51.00 60.00 OK

Check Details

Version: 1.0.2
Check: package dependencies
Result: NOTE
    Package which this enhances but not available for checking: 'RGtk2'
Flavors: r-devel-windows-x86_64-gcc10-UCRT, r-release-macos-arm64