CRAN Package Check Results for Package CatReg

Last updated on 2021-09-20 22:55:13 CEST.

Flavor Version Tinstall Tcheck Ttotal Status Flags
r-devel-linux-x86_64-debian-clang 2.0.3 23.08 51.58 74.66 OK
r-devel-linux-x86_64-debian-gcc 2.0.3 17.80 37.33 55.13 OK
r-devel-linux-x86_64-fedora-clang 2.0.3 107.45 OK
r-devel-linux-x86_64-fedora-gcc 2.0.3 92.22 OK
r-devel-windows-x86_64 2.0.3 24.00 56.00 80.00 OK
r-devel-windows-x86_64-gcc10-UCRT 2.0.3 ERROR
r-patched-linux-x86_64 2.0.3 20.22 50.86 71.08 OK
r-patched-solaris-x86 2.0.3 106.30 OK
r-release-linux-x86_64 2.0.3 19.93 48.78 68.71 OK
r-release-macos-arm64 2.0.3 OK
r-release-macos-x86_64 2.0.3 OK
r-release-windows-ix86+x86_64 2.0.3 56.00 110.00 166.00 OK
r-oldrel-macos-x86_64 2.0.3 OK
r-oldrel-windows-ix86+x86_64 2.0.3 52.00 95.00 147.00 OK

Check Details

Version: 2.0.3
Check: whether package can be installed
Result: ERROR
    Installation failed.
Flavor: r-devel-windows-x86_64-gcc10-UCRT