Last updated on 2023-12-02 15:49:50 CET.
Flavor | Version | Tinstall | Tcheck | Ttotal | Status | Flags |
---|---|---|---|---|---|---|
r-devel-linux-x86_64-debian-clang | 1.0.3 | 11.26 | 89.67 | 100.93 | NOTE | |
r-devel-linux-x86_64-debian-gcc | 1.0.3 | 8.23 | 65.44 | 73.67 | NOTE | |
r-devel-linux-x86_64-fedora-clang | 1.0.3 | 131.52 | NOTE | |||
r-devel-linux-x86_64-fedora-gcc | 1.0.3 | 123.89 | NOTE | |||
r-devel-windows-x86_64 | 1.0.3 | 9.00 | 89.00 | 98.00 | NOTE | |
r-patched-linux-x86_64 | 1.0.3 | 6.65 | 84.40 | 91.05 | OK | |
r-release-linux-x86_64 | 1.0.3 | 9.03 | 84.09 | 93.12 | OK | |
r-release-macos-arm64 | 1.0.3 | 37.00 | OK | |||
r-release-macos-x86_64 | 1.0.3 | 85.00 | OK | |||
r-release-windows-x86_64 | 1.0.3 | 13.00 | 102.00 | 115.00 | OK | |
r-oldrel-macos-arm64 | 1.0.3 | 40.00 | OK | |||
r-oldrel-macos-x86_64 | 1.0.3 | 54.00 | OK | |||
r-oldrel-windows-x86_64 | 1.0.3 | 13.00 | 105.00 | 118.00 | OK |
Version: 1.0.3
Check: Rd files
Result: NOTE
checkRd: (-1) check4Gaps.Rd:31: Lost braces; missing escapes or markup?
31 | Also a plot if {y} is provided. In the event there are no gaps found,
| ^
Flavors: r-devel-linux-x86_64-debian-clang, r-devel-linux-x86_64-debian-gcc
Version: 1.0.3
Check: Rd \usage sections
Result: NOTE
Documented arguments not in \usage in Rd file 'dot-chkArgs.Rd':
‘mode.’
Functions with \usage entries need to have the appropriate \alias
entries, and all their arguments documented.
The \usage entries must correspond to syntactically valid R code.
See chapter ‘Writing R documentation files’ in the ‘Writing R
Extensions’ manual.
Flavors: r-devel-linux-x86_64-debian-clang, r-devel-linux-x86_64-debian-gcc, r-devel-linux-x86_64-fedora-clang, r-devel-linux-x86_64-fedora-gcc, r-devel-windows-x86_64
Version: 1.0.3
Check: Rd cross-references
Result: NOTE
Undeclared package ‘mvoutlier’ in Rd xrefs
Flavor: r-devel-linux-x86_64-fedora-clang