CRAN Package Check Results for Package Ckmeans.1d.dp

Last updated on 2021-10-21 16:49:38 CEST.

Flavor Version Tinstall Tcheck Ttotal Status Flags
r-devel-linux-x86_64-debian-clang 4.3.3 50.79 58.74 109.53 NOTE
r-devel-linux-x86_64-debian-gcc 4.3.3 36.20 45.21 81.41 NOTE
r-devel-linux-x86_64-fedora-clang 4.3.3 176.71 NOTE
r-devel-linux-x86_64-fedora-gcc 4.3.3 140.92 NOTE
r-devel-windows-x86_64 4.3.3 70.00 100.00 170.00 NOTE
r-devel-windows-x86_64-gcc10-UCRT 4.3.3 NOTE
r-patched-linux-x86_64 4.3.3 42.20 57.60 99.80 NOTE
r-patched-solaris-x86 4.3.3 157.70 NOTE
r-release-linux-x86_64 4.3.3 45.73 57.98 103.71 NOTE
r-release-macos-arm64 4.3.3 NOTE
r-release-macos-x86_64 4.3.3 NOTE
r-release-windows-ix86+x86_64 4.3.3 115.00 139.00 254.00 NOTE
r-oldrel-macos-x86_64 4.3.3 OK
r-oldrel-windows-ix86+x86_64 4.3.3 141.00 143.00 284.00 OK

Check Details

Version: 4.3.3
Check: LazyData
Result: NOTE
     'LazyData' is specified without a 'data' directory
Flavors: r-devel-linux-x86_64-debian-clang, r-devel-linux-x86_64-debian-gcc, r-devel-linux-x86_64-fedora-clang, r-devel-linux-x86_64-fedora-gcc, r-devel-windows-x86_64, r-devel-windows-x86_64-gcc10-UCRT, r-patched-linux-x86_64, r-patched-solaris-x86, r-release-linux-x86_64, r-release-macos-arm64, r-release-macos-x86_64, r-release-windows-ix86+x86_64