CRAN Package Check Results for Package ClimClass

Last updated on 2024-07-23 04:57:34 CEST.

Flavor Version Tinstall Tcheck Ttotal Status Flags
r-devel-linux-x86_64-debian-clang 2.1.0 7.96 73.33 81.29 OK
r-devel-linux-x86_64-debian-gcc 2.1.0 7.92 54.07 61.99 NOTE
r-devel-linux-x86_64-fedora-clang 2.1.0 104.20 OK
r-devel-linux-x86_64-fedora-gcc 2.1.0 97.39 OK
r-devel-windows-x86_64 2.1.0 10.00 73.00 83.00 NOTE
r-patched-linux-x86_64 2.1.0 13.21 69.40 82.61 OK
r-release-linux-x86_64 2.1.0 9.64 69.24 78.88 OK
r-release-macos-arm64 2.1.0 29.00 OK
r-release-macos-x86_64 2.1.0 43.00 OK
r-release-windows-x86_64 2.1.0 10.00 73.00 83.00 OK
r-oldrel-macos-arm64 2.1.0 32.00 OK
r-oldrel-macos-x86_64 2.1.0 51.00 OK
r-oldrel-windows-x86_64 2.1.0 13.00 84.00 97.00 OK

Check Details

Version: 2.1.0
Check: Rd cross-references
Result: NOTE Found the following Rd file(s) with Rd \link{} targets missing package anchors: thornthwaite.Rd: daylength, geosphere Please provide package anchors for all Rd \link{} targets not in the package itself and the base packages. Flavors: r-devel-linux-x86_64-debian-gcc, r-devel-windows-x86_64