CRAN Package Check Results for Package ClimDown

Last updated on 2021-10-17 07:50:37 CEST.

Flavor Version Tinstall Tcheck Ttotal Status Flags
r-devel-linux-x86_64-debian-clang 1.0.8 8.84 304.74 313.58 OK
r-devel-linux-x86_64-debian-gcc 1.0.8 6.38 214.95 221.33 OK
r-devel-linux-x86_64-fedora-clang 1.0.8 368.81 OK
r-devel-linux-x86_64-fedora-gcc 1.0.8 357.44 OK
r-devel-windows-x86_64 1.0.8 13.00 73.00 86.00 OK --no-examples --no-tests --no-vignettes
r-devel-windows-x86_64-gcc10-UCRT 1.0.8 OK
r-patched-linux-x86_64 1.0.8 5.09 285.83 290.92 OK
r-patched-solaris-x86 1.0.8 496.80 OK
r-release-linux-x86_64 1.0.8 6.55 288.14 294.69 OK
r-release-macos-arm64 1.0.8 ERROR
r-release-macos-x86_64 1.0.8 ERROR
r-release-windows-ix86+x86_64 1.0.8 15.00 84.00 99.00 OK --no-examples --no-tests --no-vignettes
r-oldrel-macos-x86_64 1.0.8 OK
r-oldrel-windows-ix86+x86_64 1.0.8 19.00 83.00 102.00 OK --no-examples --no-tests --no-vignettes

Check Details

Version: 1.0.8
Check: package dependencies
Result: ERROR
    Package required but not available: ‘udunits2’
    
    See section ‘The DESCRIPTION file’ in the ‘Writing R Extensions’
    manual.
Flavors: r-release-macos-arm64, r-release-macos-x86_64