CRAN Package Check Results for Package ClinicalTrialSummary

Last updated on 2021-09-23 10:53:16 CEST.

Flavor Version Tinstall Tcheck Ttotal Status Flags
r-devel-linux-x86_64-debian-clang 1.1.1 19.29 36.06 55.35 OK
r-devel-linux-x86_64-debian-gcc 1.1.1 12.68 27.79 40.47 OK
r-devel-linux-x86_64-fedora-clang 1.1.1 82.04 OK
r-devel-linux-x86_64-fedora-gcc 1.1.1 66.53 OK
r-devel-windows-x86_64 1.1.1 21.00 47.00 68.00 OK
r-devel-windows-x86_64-gcc10-UCRT 1.1.1 ERROR
r-patched-linux-x86_64 1.1.1 15.69 34.88 50.57 OK
r-patched-solaris-x86 1.1.1 84.90 OK
r-release-linux-x86_64 1.1.1 15.66 34.63 50.29 OK
r-release-macos-arm64 1.1.1 OK
r-release-macos-x86_64 1.1.1 OK
r-release-windows-ix86+x86_64 1.1.1 48.00 73.00 121.00 OK
r-oldrel-macos-x86_64 1.1.1 OK
r-oldrel-windows-ix86+x86_64 1.1.1 37.00 60.00 97.00 OK

Check Details

Version: 1.1.1
Check: whether package can be installed
Result: ERROR
    Installation failed.
Flavor: r-devel-windows-x86_64-gcc10-UCRT