CRAN Package Check Results for Package ClinicalUtilityRecal

Last updated on 2021-08-05 18:52:44 CEST.

Flavor Version Tinstall Tcheck Ttotal Status Flags
r-devel-linux-x86_64-debian-clang 0.1.0 14.31 119.38 133.69 OK
r-devel-linux-x86_64-debian-gcc 0.1.0 10.89 88.94 99.83 OK
r-devel-linux-x86_64-fedora-clang 0.1.0 168.11 OK
r-devel-linux-x86_64-fedora-gcc 0.1.0 152.04 OK
r-devel-windows-x86_64 0.1.0 23.00 143.00 166.00 OK
r-devel-windows-x86_64-gcc10-UCRT 0.1.0 ERROR
r-patched-linux-x86_64 0.1.0 14.18 111.64 125.82 OK
r-patched-solaris-x86 0.1.0 218.80 OK
r-release-linux-x86_64 0.1.0 12.84 111.32 124.16 OK
r-release-macos-arm64 0.1.0 OK
r-release-macos-x86_64 0.1.0 OK
r-release-windows-ix86+x86_64 0.1.0 33.00 101.00 134.00 OK
r-oldrel-macos-x86_64 0.1.0 OK
r-oldrel-windows-ix86+x86_64 0.1.0 34.00 144.00 178.00 OK

Check Details

Version: 0.1.0
Check: package dependencies
Result: ERROR
    Packages required but not available: 'caret', 'ggplot2', 'cowplot'
    
    See section 'The DESCRIPTION file' in the 'Writing R Extensions'
    manual.
Flavor: r-devel-windows-x86_64-gcc10-UCRT