CRAN Package Check Results for Package ClusPred

Last updated on 2021-12-04 06:50:50 CET.

Flavor Version Tinstall Tcheck Ttotal Status Flags
r-devel-linux-x86_64-debian-clang 1.1.0 43.48 138.20 181.68 OK
r-devel-linux-x86_64-debian-gcc 1.1.0 32.57 111.35 143.92 OK
r-devel-linux-x86_64-fedora-clang 1.1.0 260.05 OK
r-devel-linux-x86_64-fedora-gcc 1.1.0 229.73 OK
r-devel-windows-x86_64-new-UL 1.1.0 66.00 196.00 262.00 OK
r-devel-windows-x86_64-new-TK 1.0.0 OK
r-devel-windows-x86_64-old 1.1.0 47.00 8.00 55.00 ERROR
r-patched-linux-x86_64 1.0.0 40.52 131.19 171.71 OK
r-release-linux-x86_64 1.0.0 39.35 129.90 169.25 OK
r-release-macos-arm64 1.1.0 OK
r-release-macos-x86_64 1.0.0 OK
r-release-windows-ix86+x86_64 1.1.0 69.00 6.00 75.00 ERROR
r-oldrel-macos-x86_64 1.0.0 OK
r-oldrel-windows-ix86+x86_64 1.0.0 120.00 231.00 351.00 OK

Check Details

Version: 1.1.0
Check: whether package can be installed
Result: ERROR
    Installation failed.
Flavors: r-devel-windows-x86_64-old, r-release-windows-ix86+x86_64