CRAN Package Check Results for Package CoTiMA

Last updated on 2021-10-16 07:49:02 CEST.

Flavor Version Tinstall Tcheck Ttotal Status Flags
r-devel-linux-x86_64-debian-clang 0.4.4 43.12 259.35 302.47 OK
r-devel-linux-x86_64-debian-gcc 0.4.4 36.79 191.98 228.77 OK
r-devel-linux-x86_64-fedora-clang 0.4.4 385.02 NOTE
r-devel-linux-x86_64-fedora-gcc 0.4.4 372.95 NOTE
r-devel-windows-x86_64 0.4.4 67.00 301.00 368.00 OK
r-devel-windows-x86_64-gcc10-UCRT 0.4.3 NOTE
r-patched-linux-x86_64 0.4.4 39.96 247.05 287.01 OK
r-patched-solaris-x86 0.4.4 499.00 NOTE
r-release-linux-x86_64 0.4.4 40.73 245.30 286.03 OK
r-release-macos-arm64 0.4.3 NOTE
r-release-macos-x86_64 0.4.4 NOTE
r-release-windows-ix86+x86_64 0.4.4 62.00 218.00 280.00 OK
r-oldrel-macos-x86_64 0.4.4 NOTE
r-oldrel-windows-ix86+x86_64 0.4.3 87.00 312.00 399.00 OK

Check Details

Version: 0.4.4
Check: data for non-ASCII characters
Result: NOTE
     Note: found 965 marked UTF-8 strings
Flavors: r-devel-linux-x86_64-fedora-clang, r-devel-linux-x86_64-fedora-gcc, r-patched-solaris-x86, r-release-macos-x86_64, r-oldrel-macos-x86_64

Version: 0.4.3
Check: data for non-ASCII characters
Result: NOTE
     Note: found 965 marked UTF-8 strings
Flavors: r-devel-windows-x86_64-gcc10-UCRT, r-release-macos-arm64

Version: 0.4.3
Check: installed package size
Result: NOTE
     installed size is 5.6Mb
     sub-directories of 1Mb or more:
     data 4.3Mb
Flavor: r-release-macos-arm64