CRAN Package Check Results for Package CohortPlat

Last updated on 2021-09-19 04:52:52 CEST.

Flavor Version Tinstall Tcheck Ttotal Status Flags
r-devel-linux-x86_64-debian-clang 1.0.3 6.19 58.11 64.30 OK
r-devel-linux-x86_64-debian-gcc 1.0.3 5.95 42.50 48.45 OK
r-devel-linux-x86_64-fedora-clang 1.0.3 85.47 OK
r-devel-linux-x86_64-fedora-gcc 1.0.3 73.11 OK
r-devel-windows-x86_64 1.0.3 10.00 62.00 72.00 OK
r-devel-windows-x86_64-gcc10-UCRT 1.0.3 ERROR
r-patched-linux-x86_64 1.0.3 7.30 54.44 61.74 OK
r-patched-solaris-x86 1.0.3 97.70 OK
r-release-linux-x86_64 1.0.3 6.00 55.03 61.03 OK
r-release-macos-arm64 1.0.3 OK
r-release-macos-x86_64 1.0.3 OK
r-release-windows-ix86+x86_64 1.0.3 13.00 78.00 91.00 OK
r-oldrel-macos-x86_64 1.0.3 OK
r-oldrel-windows-ix86+x86_64 1.0.3 14.00 77.00 91.00 OK

Check Details

Version: 1.0.3
Check: whether package can be installed
Result: WARN
    Found the following significant warnings:
     WARNING: installation-time patches will not be applied, could not get the patches index
Flavor: r-devel-windows-x86_64-gcc10-UCRT

Version: 1.0.3
Check: PDF version of manual
Result: WARN
    LaTeX errors when creating PDF version.
    This typically indicates Rd problems.
Flavor: r-devel-windows-x86_64-gcc10-UCRT

Version: 1.0.3
Check: PDF version of manual without hyperrefs or index
Result: ERROR
    Re-running with no redirection of stdout/stderr.
Flavor: r-devel-windows-x86_64-gcc10-UCRT