CRAN Package Check Results for Package CombinS

Last updated on 2021-11-30 03:56:51 CET.

Flavor Version Tinstall Tcheck Ttotal Status Flags
r-devel-linux-x86_64-debian-clang 1.1-1 2.54 23.67 26.21 NOTE
r-devel-linux-x86_64-debian-gcc 1.1-1 1.91 18.90 20.81 NOTE
r-devel-linux-x86_64-fedora-clang 1.1-1 43.71 NOTE
r-devel-linux-x86_64-fedora-gcc 1.1-1 34.30 NOTE
r-devel-windows-x86_64-new-UL 1.1-1 7.00 69.00 76.00 NOTE
r-devel-windows-x86_64-new-TK 1.1-1 NOTE
r-devel-windows-x86_64-old 1.1-1 4.00 31.00 35.00 NOTE
r-patched-linux-x86_64 1.1-1 2.78 22.75 25.53 NOTE
r-patched-solaris-x86 1.1-1 49.30 NOTE
r-release-linux-x86_64 1.1-1 2.50 22.98 25.48 NOTE
r-release-macos-arm64 1.1-1 NOTE
r-release-macos-x86_64 1.1-1 NOTE
r-release-windows-ix86+x86_64 1.1-1 5.00 41.00 46.00 NOTE
r-oldrel-macos-x86_64 1.1-1 OK
r-oldrel-windows-ix86+x86_64 1.1-1 4.00 41.00 45.00 OK

Check Details

Version: 1.1-1
Check: LazyData
Result: NOTE
     'LazyData' is specified without a 'data' directory
Flavors: r-devel-linux-x86_64-debian-clang, r-devel-linux-x86_64-debian-gcc, r-devel-linux-x86_64-fedora-clang, r-devel-linux-x86_64-fedora-gcc, r-devel-windows-x86_64-new-UL, r-devel-windows-x86_64-new-TK, r-devel-windows-x86_64-old, r-patched-linux-x86_64, r-patched-solaris-x86, r-release-linux-x86_64, r-release-macos-arm64, r-release-macos-x86_64, r-release-windows-ix86+x86_64