CRAN Package Check Results for Package CompareCausalNetworks

Last updated on 2021-10-20 10:53:01 CEST.

Flavor Version Tinstall Tcheck Ttotal Status Flags
r-devel-linux-x86_64-debian-clang 0.2.6.2 12.28 112.07 124.35 NOTE
r-devel-linux-x86_64-debian-gcc 0.2.6.2 8.27 87.16 95.43 NOTE
r-devel-linux-x86_64-fedora-clang 0.2.6.2 165.85 NOTE
r-devel-linux-x86_64-fedora-gcc 0.2.6.2 150.02 NOTE
r-devel-windows-x86_64 0.2.6.2 16.00 139.00 155.00 OK
r-devel-windows-x86_64-gcc10-UCRT 0.2.6.2 NOTE
r-patched-linux-x86_64 0.2.6.2 10.35 105.60 115.95 NOTE
r-patched-solaris-x86 0.2.6.2 198.80 NOTE
r-release-linux-x86_64 0.2.6.2 10.01 109.18 119.19 NOTE
r-release-macos-arm64 0.2.6.2 NOTE
r-release-macos-x86_64 0.2.6.2 NOTE
r-release-windows-ix86+x86_64 0.2.6.2 14.00 130.00 144.00 OK
r-oldrel-macos-x86_64 0.2.6.2 NOTE
r-oldrel-windows-ix86+x86_64 0.2.6.2 21.00 142.00 163.00 OK

Check Details

Version: 0.2.6.2
Check: package dependencies
Result: NOTE
    Package suggested but not available for checking: 'CAM'
Flavors: r-devel-linux-x86_64-debian-clang, r-devel-linux-x86_64-debian-gcc, r-devel-linux-x86_64-fedora-clang, r-devel-linux-x86_64-fedora-gcc, r-devel-windows-x86_64-gcc10-UCRT, r-patched-linux-x86_64, r-patched-solaris-x86, r-release-linux-x86_64, r-release-macos-x86_64

Version: 0.2.6.2
Check: package dependencies
Result: NOTE
    Packages suggested but not available for checking: 'pcalg', 'CAM'
Flavor: r-release-macos-arm64

Version: 0.2.6.2
Check: package dependencies
Result: NOTE
    Packages suggested but not available for checking: 'CAM', 'flare'
Flavor: r-oldrel-macos-x86_64