CRAN Package Check Results for Package ConConPiWiFun

Last updated on 2021-09-20 22:55:15 CEST.

Flavor Version Tinstall Tcheck Ttotal Status Flags
r-devel-linux-x86_64-debian-clang 0.4.6.1 32.55 49.49 82.04 OK
r-devel-linux-x86_64-debian-gcc 0.4.6.1 23.49 37.21 60.70 OK
r-devel-linux-x86_64-fedora-clang 0.4.6.1 113.25 NOTE
r-devel-linux-x86_64-fedora-gcc 0.4.6.1 100.40 NOTE
r-devel-windows-x86_64 0.4.6.1 28.00 59.00 87.00 OK
r-devel-windows-x86_64-gcc10-UCRT 0.4.6.1 ERROR
r-patched-linux-x86_64 0.4.6.1 28.33 46.72 75.05 OK
r-patched-solaris-x86 0.4.6.1 115.40 OK
r-release-linux-x86_64 0.4.6.1 27.63 46.65 74.28 OK
r-release-macos-arm64 0.4.6.1 NOTE
r-release-macos-x86_64 0.4.6.1 NOTE
r-release-windows-ix86+x86_64 0.4.6.1 69.00 107.00 176.00 OK
r-oldrel-macos-x86_64 0.4.6.1 NOTE
r-oldrel-windows-ix86+x86_64 0.4.6.1 69.00 83.00 152.00 OK

Check Details

Version: 0.4.6.1
Check: compiled code
Result: NOTE
    File ‘ConConPiWiFun/libs/ConConPiWiFun.so’:
     Found no calls to: ‘R_registerRoutines’, ‘R_useDynamicSymbols’
    
    It is good practice to register native routines and to disable symbol
    search.
    
    See ‘Writing portable packages’ in the ‘Writing R Extensions’ manual.
Flavors: r-devel-linux-x86_64-fedora-clang, r-devel-linux-x86_64-fedora-gcc

Version: 0.4.6.1
Check: whether package can be installed
Result: ERROR
    Installation failed.
Flavor: r-devel-windows-x86_64-gcc10-UCRT

Version: 0.4.6.1
Check: installed package size
Result: NOTE
     installed size is 7.1Mb
     sub-directories of 1Mb or more:
     libs 6.9Mb
Flavors: r-release-macos-arm64, r-release-macos-x86_64, r-oldrel-macos-x86_64