CRAN Package Check Results for Package CorrectOverloadedPeaks

Last updated on 2021-12-02 15:52:36 CET.

Flavor Version Tinstall Tcheck Ttotal Status Flags
r-devel-linux-x86_64-debian-clang 1.2.17 3.47 54.25 57.72 OK
r-devel-linux-x86_64-debian-gcc 1.2.17 2.81 39.57 42.38 OK
r-devel-linux-x86_64-fedora-clang 1.2.17 82.13 OK
r-devel-linux-x86_64-fedora-gcc 1.2.17 72.64 OK
r-devel-windows-x86_64-new-UL 1.2.17 9.00 92.00 101.00 OK
r-devel-windows-x86_64-new-TK 1.2.17 OK
r-devel-windows-x86_64-old 1.2.17 6.00 58.00 64.00 OK
r-patched-linux-x86_64 1.2.17 3.22 52.30 55.52 OK
r-release-linux-x86_64 1.2.17 3.97 52.73 56.70 OK
r-release-macos-arm64 1.2.17 NOTE
r-release-macos-x86_64 1.2.17 OK
r-release-windows-ix86+x86_64 1.2.17 8.00 77.00 85.00 OK
r-oldrel-macos-x86_64 1.2.17 OK
r-oldrel-windows-ix86+x86_64 1.2.17 8.00 75.00 83.00 OK

Check Details

Version: 1.2.17
Check: package dependencies
Result: NOTE
    Package suggested but not available for checking: ‘xcms’
Flavor: r-release-macos-arm64