Last updated on 2023-12-09 21:54:12 CET.
Flavor | Version | Tinstall | Tcheck | Ttotal | Status | Flags |
---|---|---|---|---|---|---|
r-devel-linux-x86_64-debian-clang | 3.5.7 | 155.45 | 178.32 | 333.77 | OK | |
r-devel-linux-x86_64-debian-gcc | 3.5.7 | 116.10 | 133.65 | 249.75 | OK | |
r-devel-linux-x86_64-fedora-clang | 3.5.7 | 497.05 | OK | |||
r-devel-linux-x86_64-fedora-gcc | 3.5.7 | 510.12 | OK | |||
r-devel-windows-x86_64 | 3.5.7 | 126.00 | 218.00 | 344.00 | OK | |
r-patched-linux-x86_64 | 3.5.7 | 126.44 | 173.66 | 300.10 | OK | |
r-release-linux-x86_64 | 3.5.7 | 121.98 | 167.42 | 289.40 | OK | |
r-release-macos-arm64 | 3.5.7 | 125.00 | NOTE | |||
r-release-macos-x86_64 | 3.5.7 | 240.00 | NOTE | |||
r-release-windows-x86_64 | 3.5.7 | 165.00 | 239.00 | 404.00 | OK | |
r-oldrel-macos-arm64 | 3.5.7 | 108.00 | NOTE | |||
r-oldrel-macos-x86_64 | 3.5.6 | 149.00 | NOTE | |||
r-oldrel-windows-x86_64 | 3.5.7 | 153.00 | 240.00 | 393.00 | OK |
Version: 3.5.7
Check: installed package size
Result: NOTE
installed size is 8.2Mb
sub-directories of 1Mb or more:
doc 1.9Mb
libs 5.3Mb
Flavors: r-release-macos-arm64, r-release-macos-x86_64, r-oldrel-macos-arm64
Version: 3.5.6
Check: installed package size
Result: NOTE
installed size is 8.5Mb
sub-directories of 1Mb or more:
doc 1.9Mb
libs 5.6Mb
Flavor: r-oldrel-macos-x86_64