Last updated on 2023-12-02 21:39:51 CET.
Flavor | Version | Tinstall | Tcheck | Ttotal | Status | Flags |
---|---|---|---|---|---|---|
r-devel-linux-x86_64-debian-clang | 4.4.1 | 158.20 | 674.34 | 832.54 | OK | |
r-devel-linux-x86_64-debian-gcc | 4.4.1 | 100.41 | 483.71 | 584.12 | OK | |
r-devel-linux-x86_64-fedora-clang | 4.4.1 | 1042.17 | OK | |||
r-devel-linux-x86_64-fedora-gcc | 4.4.1 | 964.63 | OK | |||
r-devel-windows-x86_64 | 4.4.1 | 96.00 | 471.00 | 567.00 | NOTE | |
r-patched-linux-x86_64 | 4.4.1 | 116.88 | 626.68 | 743.56 | OK | |
r-release-linux-x86_64 | 4.4.1 | 118.15 | 554.47 | 672.62 | OK | |
r-release-macos-arm64 | 4.4.1 | 270.00 | NOTE | |||
r-release-macos-x86_64 | 4.4.1 | 579.00 | NOTE | |||
r-release-windows-x86_64 | 4.4.1 | 123.00 | 576.00 | 699.00 | NOTE | |
r-oldrel-macos-arm64 | 4.4.1 | 253.00 | NOTE | |||
r-oldrel-macos-x86_64 | 4.4.1 | 303.00 | NOTE | |||
r-oldrel-windows-x86_64 | 4.4.1 | 117.00 | 554.00 | 671.00 | NOTE |
Version: 4.4.1
Check: package dependencies
Result: NOTE
Package which this enhances but not available for checking: 'doMC'
Flavors: r-devel-windows-x86_64, r-release-windows-x86_64, r-oldrel-windows-x86_64
Version: 4.4.1
Check: installed package size
Result: NOTE
installed size is 29.3Mb
sub-directories of 1Mb or more:
libs 27.3Mb
Flavors: r-release-macos-arm64, r-release-macos-x86_64, r-oldrel-macos-arm64, r-oldrel-macos-x86_64