CRAN Package Check Results for Package DAISIEprep

Last updated on 2024-02-25 09:53:22 CET.

Flavor Version Tinstall Tcheck Ttotal Status Flags
r-devel-linux-x86_64-debian-clang 0.3.2 7.55 192.56 200.11 OK
r-devel-linux-x86_64-debian-gcc 0.3.2 0.77 1.61 2.38 ERROR
r-devel-linux-x86_64-fedora-clang 0.3.2 243.32 OK
r-devel-linux-x86_64-fedora-gcc 0.3.2 2.57 ERROR
r-devel-windows-x86_64 0.3.2 10.00 169.00 179.00 OK
r-patched-linux-x86_64 0.3.2 15.19 192.58 207.77 OK
r-release-linux-x86_64 0.3.2 6.04 189.63 195.67 OK
r-release-macos-arm64 0.3.2 81.00 OK
r-release-macos-x86_64 0.3.2 167.00 OK
r-release-windows-x86_64 0.3.2 13.00 216.00 229.00 OK
r-oldrel-macos-arm64 0.3.2 69.00 OK
r-oldrel-windows-x86_64 0.3.2 15.00 223.00 238.00 OK

Check Details

Version: 0.3.2
Check: package dependencies
Result: ERROR Package required but not available: ‘ggtree’ See section ‘The DESCRIPTION file’ in the ‘Writing R Extensions’ manual. Flavors: r-devel-linux-x86_64-debian-gcc, r-devel-linux-x86_64-fedora-gcc