CRAN Package Check Results for Package DBItest

Last updated on 2021-10-22 16:50:32 CEST.

Flavor Version Tinstall Tcheck Ttotal Status Flags
r-devel-linux-x86_64-debian-clang 1.7.1 22.86 55.00 77.86 NOTE
r-devel-linux-x86_64-debian-gcc 1.7.1 17.46 43.43 60.89 NOTE
r-devel-linux-x86_64-fedora-clang 1.7.1 106.75 NOTE
r-devel-linux-x86_64-fedora-gcc 1.7.1 93.51 NOTE
r-devel-windows-x86_64 1.7.1 32.00 79.00 111.00 NOTE
r-devel-windows-x86_64-gcc10-UCRT 1.7.1 NOTE
r-patched-linux-x86_64 1.7.1 26.92 54.31 81.23 NOTE
r-patched-solaris-x86 1.7.1 132.00 NOTE
r-release-linux-x86_64 1.7.1 16.29 52.88 69.17 NOTE
r-release-macos-arm64 1.7.1 NOTE
r-release-macos-x86_64 1.7.1 NOTE
r-release-windows-ix86+x86_64 1.7.1 25.00 75.00 100.00 NOTE
r-oldrel-macos-x86_64 1.7.1 NOTE
r-oldrel-windows-ix86+x86_64 1.7.1 37.00 84.00 121.00 NOTE

Check Details

Version: 1.7.1
Check: package dependencies
Result: NOTE
    Package suggested but not available for checking: 'dblog'
Flavors: r-devel-linux-x86_64-debian-clang, r-devel-linux-x86_64-debian-gcc, r-devel-linux-x86_64-fedora-clang, r-devel-linux-x86_64-fedora-gcc, r-devel-windows-x86_64, r-devel-windows-x86_64-gcc10-UCRT, r-patched-linux-x86_64, r-patched-solaris-x86, r-release-linux-x86_64, r-release-macos-arm64, r-release-macos-x86_64, r-release-windows-ix86+x86_64, r-oldrel-macos-x86_64, r-oldrel-windows-ix86+x86_64