CRAN Package Check Results for Package DCEM

Last updated on 2021-09-16 16:50:11 CEST.

Flavor Version Tinstall Tcheck Ttotal Status Flags
r-devel-linux-x86_64-debian-clang 2.0.4 21.79 36.93 58.72 OK
r-devel-linux-x86_64-debian-gcc 2.0.4 12.99 28.81 41.80 OK
r-devel-linux-x86_64-fedora-clang 2.0.4 84.23 NOTE
r-devel-linux-x86_64-fedora-gcc 2.0.4 67.95 NOTE
r-devel-windows-x86_64 2.0.4 24.00 65.00 89.00 OK
r-devel-windows-x86_64-gcc10-UCRT 2.0.4 NOTE
r-patched-linux-x86_64 2.0.4 16.07 35.38 51.45 OK
r-patched-solaris-x86 2.0.4 85.50 NOTE
r-release-linux-x86_64 2.0.4 15.14 35.54 50.68 OK
r-release-macos-arm64 2.0.4 NOTE
r-release-macos-x86_64 2.0.4 NOTE
r-release-windows-ix86+x86_64 2.0.4 48.00 78.00 126.00 OK
r-oldrel-macos-x86_64 2.0.4 NOTE
r-oldrel-windows-ix86+x86_64 2.0.4 40.00 79.00 119.00 OK

Check Details

Version: 2.0.4
Check: dependencies in R code
Result: NOTE
    Namespace in Imports field not imported from: ‘MASS’
     All declared Imports should be used.
Flavors: r-devel-linux-x86_64-fedora-clang, r-devel-linux-x86_64-fedora-gcc, r-devel-windows-x86_64-gcc10-UCRT, r-patched-solaris-x86, r-release-macos-arm64, r-release-macos-x86_64, r-oldrel-macos-x86_64