CRAN Package Check Results for Package DDIwR

Last updated on 2021-09-22 01:48:37 CEST.

Flavor Version Tinstall Tcheck Ttotal Status Flags
r-devel-linux-x86_64-debian-clang 0.8 7.04 61.97 69.01 OK
r-devel-linux-x86_64-debian-gcc 0.8 6.89 44.72 51.61 OK
r-devel-linux-x86_64-fedora-clang 0.8 91.61 OK
r-devel-linux-x86_64-fedora-gcc 0.8 79.24 OK
r-devel-windows-x86_64 0.8 9.00 59.00 68.00 OK
r-devel-windows-x86_64-gcc10-UCRT 0.8 ERROR
r-patched-linux-x86_64 0.8 8.71 58.35 67.06 OK
r-patched-solaris-x86 0.8 106.10 OK
r-release-linux-x86_64 0.8 6.96 57.68 64.64 OK
r-release-macos-arm64 0.8 OK
r-release-macos-x86_64 0.8 OK
r-release-windows-ix86+x86_64 0.8 16.00 78.00 94.00 OK
r-oldrel-macos-x86_64 0.8 OK
r-oldrel-windows-ix86+x86_64 0.8 18.00 63.00 81.00 OK

Check Details

Version: 0.8
Check: whether package can be installed
Result: WARN
    Found the following significant warnings:
     WARNING: installation-time patches will not be applied, could not get the patches index
Flavor: r-devel-windows-x86_64-gcc10-UCRT

Version: 0.8
Check: PDF version of manual
Result: WARN
    LaTeX errors when creating PDF version.
    This typically indicates Rd problems.
Flavor: r-devel-windows-x86_64-gcc10-UCRT

Version: 0.8
Check: PDF version of manual without hyperrefs or index
Result: ERROR
    Re-running with no redirection of stdout/stderr.
Flavor: r-devel-windows-x86_64-gcc10-UCRT