CRAN Package Check Results for Package DPtree

Last updated on 2024-07-15 16:56:20 CEST.

Flavor Version Tinstall Tcheck Ttotal Status Flags
r-devel-linux-x86_64-debian-clang 1.0.1 2.75 31.53 34.28 NOTE
r-devel-linux-x86_64-debian-gcc 1.0.1 2.14 23.96 26.10 NOTE
r-devel-linux-x86_64-fedora-clang 1.0.1 42.36 NOTE
r-devel-linux-x86_64-fedora-gcc 1.0.1 40.05 NOTE
r-devel-windows-x86_64 1.0.1 4.00 47.00 51.00 NOTE
r-patched-linux-x86_64 1.0.1 2.47 30.25 32.72 NOTE
r-release-linux-x86_64 1.0.1 2.41 28.83 31.24 NOTE
r-release-macos-arm64 1.0.1 18.00 NOTE
r-release-macos-x86_64 1.0.1 24.00 NOTE
r-release-windows-x86_64 1.0.1 4.00 48.00 52.00 NOTE
r-oldrel-macos-arm64 1.0.1 20.00 NOTE
r-oldrel-macos-x86_64 1.0.1 24.00 NOTE
r-oldrel-windows-x86_64 1.0.1 4.00 53.00 57.00 NOTE

Check Details

Version: 1.0.1
Check: LazyData
Result: NOTE 'LazyData' is specified without a 'data' directory Flavors: r-devel-linux-x86_64-debian-clang, r-devel-linux-x86_64-debian-gcc, r-devel-linux-x86_64-fedora-clang, r-devel-linux-x86_64-fedora-gcc, r-devel-windows-x86_64, r-patched-linux-x86_64, r-release-linux-x86_64, r-release-macos-arm64, r-release-macos-x86_64, r-release-windows-x86_64, r-oldrel-macos-arm64, r-oldrel-macos-x86_64, r-oldrel-windows-x86_64

Version: 1.0.1
Check: dependencies in R code
Result: NOTE Namespace in Imports field not imported from: ‘MASS’ All declared Imports should be used. Flavors: r-devel-linux-x86_64-fedora-clang, r-devel-linux-x86_64-fedora-gcc