CRAN Package Check Results for Package DSMolgenisArmadillo

Last updated on 2024-07-19 04:56:36 CEST.

Flavor Version Tinstall Tcheck Ttotal Status Flags
r-devel-linux-x86_64-debian-clang 2.0.9 7.43 69.10 76.53 NOTE
r-devel-linux-x86_64-debian-gcc 2.0.9 6.14 52.51 58.65 NOTE
r-devel-linux-x86_64-fedora-clang 2.0.9 89.85 NOTE
r-devel-linux-x86_64-fedora-gcc 2.0.9 116.83 NOTE
r-devel-windows-x86_64 2.0.9 8.00 75.00 83.00 NOTE
r-patched-linux-x86_64 2.0.9 8.28 65.76 74.04 NOTE
r-release-linux-x86_64 2.0.9 5.97 65.97 71.94 NOTE
r-release-macos-arm64 2.0.9 62.00 NOTE
r-release-macos-x86_64 2.0.9 129.00 NOTE
r-release-windows-x86_64 2.0.9 8.00 73.00 81.00 NOTE
r-oldrel-macos-arm64 2.0.9 72.00 NOTE
r-oldrel-macos-x86_64 2.0.9 108.00 NOTE
r-oldrel-windows-x86_64 2.0.9 10.00 82.00 92.00 NOTE

Check Details

Version: 2.0.9
Check: package dependencies
Result: NOTE Package suggested but not available for checking: ‘dsBaseClient’ Flavors: r-devel-linux-x86_64-debian-clang, r-devel-linux-x86_64-debian-gcc, r-devel-linux-x86_64-fedora-clang, r-devel-linux-x86_64-fedora-gcc, r-devel-windows-x86_64, r-patched-linux-x86_64, r-release-linux-x86_64, r-release-macos-arm64, r-release-macos-x86_64, r-release-windows-x86_64, r-oldrel-macos-arm64, r-oldrel-macos-x86_64, r-oldrel-windows-x86_64