CRAN Package Check Results for Package DWBmodelUN

Last updated on 2021-10-25 01:48:44 CEST.

Flavor Version Tinstall Tcheck Ttotal Status Flags
r-devel-linux-x86_64-debian-clang 1.0.0 5.34 92.99 98.33 OK
r-devel-linux-x86_64-debian-gcc 1.0.0 4.49 69.42 73.91 OK
r-devel-linux-x86_64-fedora-clang 1.0.0 125.51 NOTE
r-devel-linux-x86_64-fedora-gcc 1.0.0 114.95 NOTE
r-devel-windows-x86_64 1.0.0 9.00 127.00 136.00 OK
r-devel-windows-x86_64-gcc10-UCRT 1.0.0 NOTE
r-patched-linux-x86_64 1.0.0 4.90 89.12 94.02 OK
r-patched-solaris-x86 1.0.0 94.70 NOTE
r-release-linux-x86_64 1.0.0 4.91 89.98 94.89 OK
r-release-macos-arm64 1.0.0 NOTE
r-release-macos-x86_64 1.0.0 NOTE
r-release-windows-ix86+x86_64 1.0.0 8.00 118.00 126.00 OK
r-oldrel-macos-x86_64 1.0.0 NOTE
r-oldrel-windows-ix86+x86_64 1.0.0 9.00 96.00 105.00 OK

Check Details

Version: 1.0.0
Check: dependencies in R code
Result: NOTE
    Namespaces in Imports field not imported from:
     ‘ncdf4’ ‘rgdal’
     All declared Imports should be used.
Flavors: r-devel-linux-x86_64-fedora-clang, r-devel-linux-x86_64-fedora-gcc, r-devel-windows-x86_64-gcc10-UCRT, r-patched-solaris-x86, r-release-macos-arm64, r-release-macos-x86_64, r-oldrel-macos-x86_64