CRAN Package Check Results for Package DatAssim

Last updated on 2021-09-20 22:55:17 CEST.

Flavor Version Tinstall Tcheck Ttotal Status Flags
r-devel-linux-x86_64-debian-clang 1.0 34.86 25.35 60.21 NOTE
r-devel-linux-x86_64-debian-gcc 1.0 22.03 20.37 42.40 NOTE
r-devel-linux-x86_64-fedora-clang 1.0 89.26 NOTE
r-devel-linux-x86_64-fedora-gcc 1.0 71.15 NOTE
r-devel-windows-x86_64 1.0 32.00 43.00 75.00 NOTE
r-devel-windows-x86_64-gcc10-UCRT 1.0 ERROR
r-patched-linux-x86_64 1.0 25.40 24.68 50.08 NOTE
r-patched-solaris-x86 1.0 82.60 NOTE
r-release-linux-x86_64 1.0 26.54 25.03 51.57 NOTE
r-release-macos-arm64 1.0 NOTE
r-release-macos-x86_64 1.0 NOTE
r-release-windows-ix86+x86_64 1.0 75.00 65.00 140.00 NOTE
r-oldrel-macos-x86_64 1.0 OK
r-oldrel-windows-ix86+x86_64 1.0 74.00 55.00 129.00 OK

Check Details

Version: 1.0
Check: LazyData
Result: NOTE
     'LazyData' is specified without a 'data' directory
Flavors: r-devel-linux-x86_64-debian-clang, r-devel-linux-x86_64-debian-gcc, r-devel-linux-x86_64-fedora-clang, r-devel-linux-x86_64-fedora-gcc, r-devel-windows-x86_64, r-patched-linux-x86_64, r-patched-solaris-x86, r-release-linux-x86_64, r-release-macos-arm64, r-release-macos-x86_64, r-release-windows-ix86+x86_64

Version: 1.0
Check: whether package can be installed
Result: ERROR
    Installation failed.
Flavor: r-devel-windows-x86_64-gcc10-UCRT