CRAN Package Check Results for Package DataVisualizations

Last updated on 2021-09-23 10:53:19 CEST.

Flavor Version Tinstall Tcheck Ttotal Status Flags
r-devel-linux-x86_64-debian-clang 1.2.2 55.99 283.42 339.41 OK
r-devel-linux-x86_64-debian-gcc 1.2.2 38.79 210.86 249.65 OK
r-devel-linux-x86_64-fedora-clang 1.2.2 440.07 NOTE
r-devel-linux-x86_64-fedora-gcc 1.2.2 440.91 OK
r-devel-windows-x86_64 1.2.2 60.00 251.00 311.00 OK
r-devel-windows-x86_64-gcc10-UCRT 1.2.2 ERROR
r-patched-linux-x86_64 1.2.2 50.46 274.78 325.24 OK
r-patched-solaris-x86 1.2.2 236.50 OK
r-release-linux-x86_64 1.2.2 46.55 275.07 321.62 OK
r-release-macos-arm64 1.2.2 NOTE
r-release-macos-x86_64 1.2.2 OK
r-release-windows-ix86+x86_64 1.2.2 127.00 338.00 465.00 NOTE
r-oldrel-macos-x86_64 1.2.2 OK
r-oldrel-windows-ix86+x86_64 1.2.2 100.00 259.00 359.00 NOTE

Check Details

Version: 1.2.2
Check: Rd cross-references
Result: NOTE
    Undeclared package ‘FCPS’ in Rd xrefs
Flavor: r-devel-linux-x86_64-fedora-clang

Version: 1.2.2
Check: package dependencies
Result: NOTE
    Packages suggested but not available for checking:
     'ggmap', 'rgl', 'choroplethr', 'parallelDist'
Flavor: r-devel-windows-x86_64-gcc10-UCRT

Version: 1.2.2
Check: whether package can be installed
Result: ERROR
    Installation failed.
Flavor: r-devel-windows-x86_64-gcc10-UCRT

Version: 1.2.2
Check: installed package size
Result: NOTE
     installed size is 5.0Mb
     sub-directories of 1Mb or more:
     doc 1.7Mb
     libs 2.0Mb
Flavors: r-release-macos-arm64, r-release-windows-ix86+x86_64, r-oldrel-windows-ix86+x86_64