CRAN Package Check Results for Package DatabionicSwarm

Last updated on 2021-09-19 04:52:54 CEST.

Flavor Version Tinstall Tcheck Ttotal Status Flags
r-devel-linux-x86_64-debian-clang 1.1.5 155.81 109.14 264.95 OK
r-devel-linux-x86_64-debian-gcc 1.1.5 99.12 76.98 176.10 OK
r-devel-linux-x86_64-fedora-clang 1.1.5 366.17 NOTE
r-devel-linux-x86_64-fedora-gcc 1.1.5 326.62 OK
r-devel-windows-x86_64 1.1.5 136.00 130.00 266.00 OK
r-devel-windows-x86_64-gcc10-UCRT 1.1.5 ERROR
r-patched-linux-x86_64 1.1.5 122.72 100.12 222.84 OK
r-patched-solaris-x86 1.1.5 273.10 OK
r-release-linux-x86_64 1.1.5 104.44 94.98 199.42 OK
r-release-macos-arm64 1.1.5 NOTE
r-release-macos-x86_64 1.1.5 NOTE
r-release-windows-ix86+x86_64 1.1.5 355.00 170.00 525.00 NOTE
r-oldrel-macos-x86_64 1.1.5 NOTE
r-oldrel-windows-ix86+x86_64 1.1.5 360.00 167.00 527.00 NOTE

Check Details

Version: 1.1.5
Check: installed package size
Result: NOTE
     installed size is 6.8Mb
     sub-directories of 1Mb or more:
     doc 3.0Mb
     libs 3.5Mb
Flavors: r-devel-linux-x86_64-fedora-clang, r-release-macos-arm64, r-release-macos-x86_64, r-release-windows-ix86+x86_64, r-oldrel-macos-x86_64, r-oldrel-windows-ix86+x86_64

Version: 1.1.5
Check: whether package can be installed
Result: ERROR
    Installation failed.
Flavor: r-devel-windows-x86_64-gcc10-UCRT