CRAN Package Check Results for Package DepthProc

Last updated on 2022-01-25 09:48:32 CET.

Flavor Version Tinstall Tcheck Ttotal Status Flags
r-devel-linux-x86_64-debian-clang 2.1.4 172.52 222.28 394.80 OK
r-devel-linux-x86_64-debian-gcc 2.1.4 136.96 174.03 310.99 OK
r-devel-linux-x86_64-fedora-clang 2.1.4 522.10 OK
r-devel-linux-x86_64-fedora-gcc 2.1.4 476.26 OK
r-devel-windows-x86_64-new-UL 2.1.4 288.00 259.00 547.00 OK
r-devel-windows-x86_64-new-TK 2.1.4 OK
r-patched-linux-x86_64 2.1.4 152.30 187.54 339.84 OK
r-release-linux-x86_64 2.1.4 123.28 188.75 312.03 OK
r-release-macos-arm64 2.1.4 NOTE
r-release-macos-x86_64 2.1.4 OK
r-release-windows-ix86+x86_64 2.1.4 429.00 328.00 757.00 OK
r-oldrel-macos-x86_64 2.1.4 NOTE
r-oldrel-windows-ix86+x86_64 2.1.4 433.00 342.00 775.00 OK

Check Details

Version: 2.1.4
Check: installed package size
Result: NOTE
     installed size is 5.7Mb
     sub-directories of 1Mb or more:
     libs 4.7Mb
Flavor: r-release-macos-arm64

Version: 2.1.4
Check: whether the namespace can be loaded with stated dependencies
Result: NOTE
    Warning in .recacheSubclasses(def@className, def, env) :
     undefined subclass "numericVector" of class "Mnumeric"; definition not updated
    
    A namespace must be able to be loaded with just the base namespace
    loaded: otherwise if the namespace gets loaded by a saved object, the
    session will be unable to start.
    
    Probably some imports need to be declared in the NAMESPACE file.
Flavor: r-oldrel-macos-x86_64